 2. Give n(d).
6
Let r(i) = i + 1 + 0 + 2. Determine r(10).
13
Let h be 3*(1040/(-30))/(-13). Let u(f) = f**2 - 6*f + 4. Calculate u(h).
20
Suppose -10*k - 4 = -11*k. Suppose -k*p + 2*p = 2. Let a be 4 + -4 + p + 0. Let l(x) = -8*x. What is l(a)?
8
Let u(o) = -o**3 - 5*o**2 + 2. Suppose 3 = -5*l + 13. Suppose -v + 3 = 4*d, -2*v - 6*d - l = -2*d. Calculate u(v).
2
Let n = 561 + -564. Suppose 2*t + t - 9 = 0. Let h(w) = w**3 - 2 + t*w + 4*w**2 + 0*w**2 - 1. Determine h(n).
-3
Let c(u) = u**3 - 4*u - 8*u**2 + 5*u**2 + 3*u - 4*u**2 + 5*u**2. What is c(2)?
-2
Let y(d) = -d**3 + 5*d**2 - 4*d + 3. Let o be y(4). Let m(l) = 5*l - 3*l + o - l. Suppose 20*g + 16 = 21*g + 4*q, 0 = -4*q + 20. Determine m(g).
-1
Let u(a) be the second derivative of -7*a**3/6 + a**2/2 - 2163*a. Let o(c) = -c**3 - 5*c**2 + 1. Let g be o(-5). What is u(g)?
-6
Let s be (-7 - -4 - -3)/2. Let l(r) = 0 - 5*r**3 + 0*r + r + r**2 + s*r + 1. Give l(-1).
6
Suppose -9 - 5 = l. Let g = 25 + l. Let k(r) = -10 - 5*r + 0*r + g. What is k(-2)?
11
Suppose 0 = 8*o - 17 + 1. Let p(z) be the first derivative of 1/2*z**o + 4*z + 3. Calculate p(-6).
-2
Let l(m) = 3*m + 2. Let t be (-56)/(-35) + 2/5. Suppose -10 = -2*k + 2*h, 0 = -t*k + 7*k - h - 41. Suppose -k = y + 2*y. What is l(y)?
-7
Suppose 0 = -3*y - 2*o + 11, -2*y - 4*o + 12 = -5*o. Let z(p) be the third derivative of -p**4/24 + 2*p**3/3 + p**2. What is z(y)?
-1
Suppose -6*m + 9 + 9 = 0. Let x(f) be the third derivative of -f**6/120 + f**4/6 - f**3/6 - 2*f**2. Give x(m).
-16
Suppose 6*n = n - q + 62, -44 = -4*n + 2*q. Suppose 0*l = l - 2*f + 4, -3*l - n = -2*f. Let v(p) = -p**2 - 4*p + 5. What is v(l)?
5
Let h(y) = -y**2 + 7*y - 4. Let n be 1/((-220)/(-216) + -1). Let z = 60 - n. Give h(z).
2
Let o(d) = -3*d + 1. Let z(a) = -9*a + 6. Let c(i) = 2*o(i) - z(i). Calculate c(2).
2
Let x be 0/((-2)/((-2)/(-1))). Let n(q) = q**3 + 15*q**2 + 2. Let i be n(-15). Let v(z) = z - z**3 + 56*z**i + 0 - 55*z**2 + 6 + 2. What is v(x)?
8
Let p(s) = 6*s**2 - 22*s + 8. Let j(n) = 3*n**2 - 9*n + 4. Let w(k) = 9*j(k) - 4*p(k). Determine w(-4).
24
Let x(w) be the third derivative of -w**5/60 - 5*w**4/24 - w**3/2 + 147*w**2. Determine x(-4).
1
Let b = -3 - -4. Let w(t) = -7*t**2 + t - 7. Let m(h) = -4*h**2 - 4. Let o(s) = 5*m(s) - 3*w(s). What is o(b)?
-1
Let v(u) = -u**2 - 8*u + 3. Let g(f) = f + 4*f - f + 1 + 17. Let c be g(-6). Determine v(c).
15
Let u be ((-432)/(-9))/12 + 3. Let g(y) = -3*y + 1. Determine g(u).
-20
Let r(u) = -u**2 - 2*u. Let v = -17 - -32. Let d be 12/v + 18/(-10). Determine r(d).
1
Let n(z) = -z**3 + 5*z**2 - 7*z - 3. Let h be (46/115)/(1/10). Calculate n(h).
-15
Let n(t) = t**3 - t**2 - 2. Let f be (-1 + 7 + 0)/(34 - 32). Give n(f).
16
Let k(a) = -3*a + 10. Let i(w) = -w + 6. Let x(j) = -5*i(j) + 3*k(j). Give x(-1).
4
Suppose 5*j - 4*z = 10, j - 2*z = -0*j - 4. Suppose -4*o = -j*o - 6. Let r(u) = -2*u**2 - 5*u - 3. Let i be r(o). Let p(n) = -n - 7. Give p(i).
-1
Suppose -20*k + 227 = 27. Let n(a) = a**2 - 9*a - 10. Give n(k).
0
Suppose 8 = 5*t + k, 0*t + 14 = 4*t - 3*k. Let a(s) = 4*s**2 - 2 - 5*s**t + s + 1 + 0. Let u be a(0). Let q(n) = -3*n - 1. Calculate q(u).
2
Let j(v) = 7*v + 4. Let s(y) = -1. Let w(x) = j(x) + 4*s(x). Let z = -46 - -47. Give w(z).
7
Let i(c) be the third derivative of -7*c**4/24 + c**3/2 - 11*c**2. Let w(o) = 6*o - 4. Let k(y) = 5*i(y) + 6*w(y). Determine k(7).
-2
Suppose 0 = 265*h - 280*h - 105. Let d(c) = -c**3 - 6*c**2 + 9*c + 3. Give d(h).
-11
Let j(n) = 3*n + 0*n**2 + n + n**3 - 6*n**2 + 3. Suppose 27*x = 107*x - 320. Calculate j(x).
-13
Let o(k) be the third derivative of -k**6/120 - k**5/20 + k**4/8 + k**3/2 - 94*k**2. Suppose 11 + 12 = g + 5*q, -4*q + 16 = 0. Let m = g - 6. Calculate o(m).
-6
Let j(c) = -c**3 - 9*c**2 - 9*c - 8. Let a(v) = -6*v - 8. Let r be a(0). Calculate j(r).
0
Let l(x) = -250 + 253 - 11*x**2 - 3*x + 0*x. Give l(2).
-47
Let g be (-79)/7 + (-2)/(-7). Let y(r) be the second derivative of r**3/6 + 3*r**2/2 + 14*r. Determine y(g).
-8
Let p(n) = -7*n - 20. Let v(s) = -15*s - 44. Let m(x) = 9*p(x) - 4*v(x). What is m(3)?
-13
Let c(i) = -i**3 + 26*i**2 - 50*i + 49. Let s be c(24). Let l(r) = -10*r - 1. Give l(s).
-11
Let f(k) = 22*k**2 + 1. Let w be f(-1). Let p(v) = -w*v + 2*v**3 + 25*v - v**3 + 5*v**2 + 6. Suppose -4*s - 5 = -i - 18, -4*s + 23 = -3*i. Determine p(i).
-4
Let p(n) be the third derivative of -n**4/8 - n**3/6 - 72*n**2. Give p(3).
-10
Let b = -10 - -5. Let m(d) be the second derivative of -1/2*d**3 - 2*d**2 + 0 + 3*d. What is m(b)?
11
Let n(w) = w - 1. Let q = -63 + 38. Let y = -10 - q. Let x = y + -12. Give n(x).
2
Let i(p) be the second derivative of -p**3 + 5*p**2/2 + 598*p. What is i(-5)?
35
Let m(g) = -3*g - 3. Let l(z) = z + 10. Let j be l(-8). Suppose j = -4*s + 2*p, -8*s = -4*s - 4*p - 4. Determine m(s).
3
Let c(n) = -4*n - 42. Let r be (-26)/4 - (-10 - (-425)/34). What is c(r)?
-6
Let f = -2/3215 + 3219/6430. Let c(b) be the first derivative of 8 - 8*b - f*b**2 + 1/4*b**4 - 1/3*b**3. Give c(0).
-8
Let g(j) = 2*j + 1. Let p(m) be the first derivative of -m**4/4 + 14*m**3/3 + 15*m**2/2 + 4*m + 1. Let k be p(15). What is g(k)?
9
Let l(s) = 2*s - 14. Let p be l(10). Let f be (42/9)/(4/p). Let c(h) be the second derivative of h**3/3 - 5*h**2/2 + 3*h + 3. What is c(f)?
9
Let a(r) = r + 4. Let x be a(5). Suppose 8*u = x*u - 1. Let p(t) = 13*t**2 - t. Calculate p(u).
12
Suppose -28 = -v + d, -2*v = -v - 4*d - 37. Let w(u) = 58*u**2 - 1 - v*u**2 - 34*u**2. Give w(-3).
-10
Let v(d) = 5*d**2 + 2*d + 15. Let u be v(9). Let o(f) = f**3 - 3 - u*f + 436*f + 2*f**2 + 1. Suppose 0 = -5*m + 2 - 12. Calculate o(m).
2
Let h(i) be the first derivative of i**3/3 + 5*i**2 - 11*i - 83. Determine h(-11).
0
Let s(z) = 3*z - 17. Let i(w) = -w**3 - 18*w**2 - 15*w + 41. Let y be i(-17). Calculate s(y).
4
Let r = -12 - -16. Suppose q + 1 = -3*u - 1, 2*q - r*u = -14. Let d(f) = 8*f + 3. Let p(z) = -9*z - 4. Let l(v) = q*d(v) - 4*p(v). Determine l(1).
-3
Let a be 5*9*(-5)/75. Let r(w) = 4*w + 2. Give r(a).
-10
Let c(l) = l**2 - 7*l - 3. Suppose 5*t - 31 = 2*s, 0*t = 3*t - 3*s - 24. Suppose -m + 2 = k, 4*m - 3*k + t*k - 18 = 0. Give c(m).
-3
Let o(h) = -h**3 - 3*h**2 + h - 1. Let w(l) = -4*l**2 + 5*l - 4. Let i(a) = 4*a**2 - 5*a + 4. Let s(x) = 2*i(x) + 3*w(x). Let k be s(1). What is o(k)?
-4
Let x be 3 - ((-5)/(-4)*4 + -1). Let v(b) = -6*b**2 - b. Determine v(x).
-5
Let r(g) = g**3 - 16*g**2 + g - 5. Let j(h) = h**3 - 14*h**2 + h - 6. Let m(k) = -7*j(k) + 6*r(k). Calculate m(0).
12
Let k(q) = -q**3 - 4*q**2 - q - 1. Let z = 14 + -1. Suppose 0 = p + 2*a + 4, 0 = -4*p + 5*a - z - 3. What is k(p)?
3
Let c(r) be the second derivative of 1/6*r**3 - r**2 + 0 + 11*r. What is c(5)?
3
Let q = -3 - -6. Suppose -s + 4*i - 16 = 0, -4*s + q*i = 5*i - 8. Let y(v) = v + 1. Calculate y(s).
1
Let b(f) be the first derivative of -f**4/4 + f**3 - 2*f**2 - f - 1. Determine b(2).
-5
Let a(u) = -u**2 + u - 11. Let y be 9 - -18*3/(-6). Determine a(y).
-11
Let k = 11 - 9. Suppose -4*w = -z - 1, -w - k*z = -z + 1. Let v(s) = 0 - s + 2 + w*s - s. What is v(3)?
-4
Let a(u) = u**3 - 2*u - 1. Let k(v) be the first derivative of -2*v**3/3 - 14. Let y be k(1). Give a(y).
-5
Let n(f) = f**3 + 10*f**2 + 8*f - 9. Let i be (6/(-4))/(19/(-38)). Suppose 0 = 5*v - 2*h + 43, -4*v - i*h + 2*h = 37. Give n(v).
0
Let z be (-14 + 11)/(-6)*0. Let s(x) = -x + 33. What is s(z)?
33
Let v(f) = -4*f - 599 - 583 + 1181. Let q = 1 + -3. Calculate v(q).
7
Let x(f) = 8*f + 68. Let p be x(-8). Let g(m) = -m**3 + 2*m**2 + 4*m - 6. Calculate g(p).
-22
Let f(j) = -5*j**2 + 12*j - 8. Let u(g) = -10*g**2 + g + 18*g**2 - 9*g**2. Suppose 0 = -2*z + 2*k - 12, -z + 2 + 2 = k. Let q(r) = z*f(r) + 4*u(r). Give q(6).
-4
Let a(y) = 4*y**2 - 3*y - 3. Let s be a(-1). Let x(m) = s*m - 2*m - 5*m**2 - 2 + m**2 + 3*m**2. Let u(o) = 2*o**2 + 2*o - 1. Let z be u(-2). Determine x(z).
-5
Let w(h) = h**3 - 5*h**2 + 6*h - 1. Suppose -4*x + 5*g = 496, 5*x + 3*g + g = -620. Let u be (x/155)/((-8)/(-10) - 1). Calculate w(u).
7
Let n(f) be the third derivative of 5*f**4/24 - 17*f**3/6 + 16*f**2. Let b(s) = -11*s + 35. Let q(j) = 6*b(j) + 13*n(j). What is q(-8)?
-3
Let s be 0/(-2*3/(-3)). Let a = -8 + 18. Let b(w) = -27*w + 1 + 16*w + a*w. What is b(s)?
1
Let b(i) = i**3 + i